 the units digit of p?
7
Suppose -8*d + d + 14 = 0. Suppose -d*v - 6 + 554 = 0. What is the units digit of v?
4
Let k be 3*(1 + (-4)/2). Let j(s) = -s**3 - 3*s**2 - 2*s - 4. Let n be j(k). Let r = n - -4. What is the units digit of r?
6
Let d(s) = s**2 + s + 1. Let k(x) = 51*x**2. Let o = -23 - -24. Let n(a) = o*k(a) - 2*d(a). What is the units digit of n(-1)?
9
Suppose -t - 2*q = -5*t + 1144, 0 = -3*t + 4*q + 858. Suppose -l + 3*l = t. What is the tens digit of l?
4
Suppose 8*l - 9*l = 2*t - 1106, 5*l = -2*t + 5522. What is the thousands digit of l?
1
Let l = 13 + 48. What is the units digit of l?
1
Let h(y) = -2*y + 2 + 4*y + 3*y - 2*y. What is the tens digit of h(9)?
2
Suppose 4*o = 13*o - 36. Let r be (0 + (-1)/(-2))*-2. What is the units digit of r/(o/(-28) - 0)?
7
Let m(o) = 63*o**2 + 3*o - 6. Let x be m(2). Suppose x = 2*c + 2*z, -4*z - 3 = -23. What is the units digit of c?
1
Let x be 1*(22 + -3)*1. Let o be 12/30 - (-12)/(-5). Let n = o + x. What is the tens digit of n?
1
Let a(d) = 7*d**2 + d + 3. Let k be a(-2). Let h = -25 + k. Suppose x = y - h, -3*x = 2*y - y - 8. What is the units digit of y?
5
Let p = 2 - -269. What is the units digit of p?
1
Let w = 34 + -32. Suppose -2*u + w*x = -256, 6*x = u + x - 144. Suppose 0 = 7*f - u - 107. What is the units digit of f?
3
Suppose 17*b - 3213 = 1513. What is the units digit of b?
8
Suppose 0 = -17*k + 13*k + 240. Let n be ((-2)/3)/(8/(-1308)). Let v = n - k. What is the tens digit of v?
4
What is the tens digit of (6/(-18))/((-11)/35838)?
8
Let m = -891 - -2839. What is the thousands digit of m?
1
Suppose -10 + 1 = -3*k. Suppose k*a + 2*a - 25 = 0. Suppose -2*i - 4 - a = -m, 2 = -i. What is the units digit of m?
5
Suppose 2*q + 4*b - 1355 = -b, q + 4*b = 685. Let w = -418 + q. What is the hundreds digit of w?
2
Let r(i) = 5*i + 166. What is the tens digit of r(-15)?
9
Suppose r - 396 + 127 = 0. Let f = r + -140. What is the units digit of f?
9
Let l = 5 - 3. Suppose 0 = 3*g - 3*h + 30, 5*g - h - l*h = -42. Let c = g + 24. What is the tens digit of c?
1
Suppose 8*q - 1047 = 1305. What is the hundreds digit of q?
2
Let d(c) = 14*c**2 - 1 + 25 + 2*c - 10 - c**3. What is the units digit of d(14)?
2
Let g(x) = -51*x - 118. What is the hundreds digit of g(-21)?
9
Let p(s) = -5*s**3 - 7*s**2 - 2*s + 4. Let y be p(-5). Suppose -8*f + y = -208. What is the units digit of f?
4
Let a(q) = -75*q - 38. What is the units digit of a(-3)?
7
Let n(t) = 57*t - 2. Suppose -d = -2*v + 8, -8*d - 16 = -4*d. What is the hundreds digit of n(v)?
1
Let b = 143 - -182. What is the hundreds digit of b?
3
Let u(a) = -6*a**2 + 73*a - 12. What is the hundreds digit of u(10)?
1
Let l(t) = -t**3 + 20 - 38*t + 79*t - 55*t + 22*t**2. What is the hundreds digit of l(21)?
1
Let g = 13 - 41. What is the tens digit of (-8)/g - 4785/(-35)?
3
Let t(b) = -b**3 + 15*b**2 + 20*b - 19. Let h be ((-14)/5 - -2)*-20. What is the units digit of t(h)?
5
Let x(l) be the second derivative of l**7/2520 + l**6/120 + l**5/12 - l**4/12 - 4*l. Let f(z) be the third derivative of x(z). What is the units digit of f(-5)?
5
Let m(b) be the second derivative of -7*b**3/6 + 17*b**2/2 - 8*b. What is the tens digit of m(-6)?
5
Let d(t) = t**3 - 2*t**2 - 3*t + 12. Let j be d(0). Let l = 0 + 1. Let r = l + j. What is the units digit of r?
3
Suppose 0*n + c = -2*n - 17, 49 = -5*n + 4*c. Let r(x) = -6*x - 13. Let m be r(n). Suppose -m = -3*i - 5*z, 2*i - z = i + 3. What is the units digit of i?
7
Let t be 109 + (-3)/3 + -3. Let b = t - 19. What is the units digit of b?
6
Let a = -3750 + 6763. What is the thousands digit of a?
3
Let t(y) be the second derivative of 7*y**3 + 2*y**2 - 23*y. What is the tens digit of t(1)?
4
Let w(s) = 7*s**2 + 56*s + 717. What is the tens digit of w(-13)?
7
Let j = -20 + 23. Suppose -x + 18 = l + 2*x, -j*l = x - 54. What is the units digit of l?
8
Let t(k) be the first derivative of -k**3/3 - k**2/2 + 53*k + 1. What is the tens digit of t(0)?
5
Suppose 1 + 2 = o. Let j(t) = 9*t**2 - 4 - 2*t**2 + 2 + 5*t + t**o. What is the units digit of j(-6)?
4
Let v = 520 - 156. What is the hundreds digit of v?
3
Let z = 2201 + 1092. What is the thousands digit of z?
3
Suppose 0 = s + 3*v - 16, -5*s = -5*v + 10 + 10. Let k be (28 + 3 + 2)/s. Let w = k + -18. What is the tens digit of w?
1
Let p be 1/(-5) + 71/5. Suppose 11 = 2*c - u, -5*c + p = -7*c - 4*u. What is the units digit of 6/18 - (-2)/c?
1
What is the tens digit of 3450/20*(0 - -4)?
9
Suppose 0 = 2*x - 3*t - 3466, t + 6912 = 4*x - 0*t. What is the tens digit of x?
2
Let k be (-1)/((-1)/(-6)*(-1)/7). Suppose v + 2*v = k. What is the units digit of v?
4
Let f(i) = -5*i**3 + i**2 + i + 1. Let a be f(-1). Let x(o) = 9*o - 2*o**2 + 7*o - 3*o. What is the units digit of x(a)?
6
Let g(u) = u + 5. Let h be g(-6). Let j = 7 + h. What is the units digit of 2/4 - (-99)/j?
7
Let i = 18 - 16. Suppose g = -4*d + 6*g - 10, -2*d + g = i. Let f(z) = z + 41. What is the units digit of f(d)?
1
Suppose 2*c - 4 = 2*x, -x = -4*x - c + 6. What is the tens digit of x/2 + (-693)/(-22)?
3
Let w = 5795 + -4135. Suppose -25*m = -15*m - w. What is the units digit of m?
6
Suppose -3*f + 4*i = -0*i - 203, -4*i + 4 = 0. Let b = 23 + f. What is the tens digit of b?
9
Let a(d) = 606*d**2 + 2*d + 3. What is the units digit of a(1)?
1
What is the thousands digit of (38493/1222)/(-1 + (-174)/(-172))?
2
Let f(x) = -x**3 + 10*x**2 - 8*x - 7. Suppose d = -2*d - 4*g + 5, 3*d - 17 = -g. What is the tens digit of f(d)?
8
Let l = -195 + 245. What is the units digit of l?
0
Let d(l) = l**3 + 2*l**2 - 9*l + 11. Let v be d(-5). Let o = 11 + v. What is the units digit of o - -3 - -3 - -11?
9
Let n(y) = y**2 + 9*y + 16. Let b be 2/(-9) - 291/27. What is the tens digit of n(b)?
3
Let w be -19*(11 + -3 + 1). Let c = -130 + w. What is the tens digit of 4/(-26) + c/(-13)?
2
Suppose 5*y - y = 4, 0 = 5*o - 2*y - 163. Let h = -1 + o. What is the units digit of h?
2
Let f = -392 + 662. What is the tens digit of f?
7
Let z(k) = k**2 - 3*k - 4. Let p be z(3). Let g(j) = 2*j + 90. Let a be g(-42). What is the units digit of ((-4)/3)/(p/a)?
2
Let f = 20 + -85. Let z = 51 - f. What is the tens digit of z?
1
Suppose -v = 3*u - 45, 3*v = -2*u - 4 + 27. Let a = u + 20. What is the tens digit of a?
3
Suppose -u = 3*u - 12, 10 = 2*h - 2*u. Suppose -h = 6*s - 8*s. What is the units digit of s?
4
Suppose -y + 112 = 3*y. What is the hundreds digit of (-3170)/(-14) + (-12)/y?
2
Let o = 2543 + -422. What is the hundreds digit of o?
1
Let d(r) = 4*r**2 + 4*r - 5. Suppose 6*n - 31 + 1 = 0. What is the tens digit of d(n)?
1
Suppose -h - 2*t = -28, -3*t = -3*h + 2*t + 73. What is the tens digit of h?
2
Let d(h) = h**2 + 9*h + 17. Let z be d(-2). Suppose 2*n + w = -3*n + 185, -z*n = -w - 119. What is the tens digit of n?
3
Let d(g) = 4*g**2 - g + 17. What is the tens digit of d(-7)?
2
Suppose 3*j = 7 + 146. What is the tens digit of (3/(36/(-8)))/((-2)/j)?
1
Suppose -52*i - 2*w = -48*i - 694, -3*i + 523 = 4*w. What is the hundreds digit of i?
1
Let r = 10 - 8. Let z be (1 + (r - 3))*1. Suppose z*k + i + 23 = k, 5*i - 101 = -4*k. What is the tens digit of k?
2
Let v(y) = 50*y**2 - 2*y + 6. What is the units digit of v(4)?
8
Let f(l) be the first derivative of l**6/180 - l**5/15 + l**4/6 - 2*l**3 + 6. Let g(y) be the third derivative of f(y). What is the tens digit of g(7)?
4
Let z be 1*8*1 - (-75 + 71). Let o = 10 - 21. Let g = z + o. What is the units digit of g?
1
Let u(s) = 8*s**2 + 19*s - 210. What is the units digit of u(-24)?
2
Let s(z) = z**3 + 8*z**2 - 7*z + 3. Let j be s(-7). Suppose 2*g - 3*g + 5 = 0. Suppose 46 = 2*t - i + g*i, -4*i - j = -5*t. What is the units digit of t?
1
Suppose 19*z - 20*z = -501. What is the hundreds digit of z?
5
Suppose 0 = -5*h + 1592 + 778. Let y = h + -309. What is the tens digit of y?
6
Let b(y) = 41*y + 143. What is the hundreds digit of b(11)?
5
Let g(t) be the third derivative of -t**5/60 + 7*t**4/24 - t**3 - 8*t**2. Let y be g(5). Suppose -16 = -y*v + 16. What is the units digit of v?
8
Let n(p) = -p**3 + 24*p**2 - 43*p - 35. What is the hundreds digit of n(21)?
3
Suppose 0 = -109*u + 106*u + 453. What is the tens digit of u?
5
Let i = 5709 - 2159. What is the tens digit of i?
5
Let y = 17 - 9. Suppose 3*v